d 52.
52
What is the greatest common divisor of 27 and 18?
9
What is the greatest common divisor of 2560 and 80?
80
What is the highest common factor of 57 and 3?
3
Calculate the highest common factor of 32 and 32.
32
What is the highest common divisor of 258 and 42?
6
What is the highest common factor of 80300 and 275?
275
What is the highest common factor of 12300 and 120?
60
Calculate the highest common divisor of 341 and 155.
31
What is the highest common divisor of 30 and 78?
6
What is the greatest common divisor of 28 and 644?
28
What is the greatest common factor of 10144 and 512?
32
What is the greatest common divisor of 3 and 6189?
3
Calculate the greatest common divisor of 76 and 475.
19
What is the highest common factor of 15 and 60?
15
What is the highest common factor of 1124 and 8?
4
What is the greatest common factor of 98 and 4606?
98
Calculate the highest common divisor of 42 and 978.
6
Calculate the greatest common divisor of 9 and 1251.
9
What is the highest common factor of 582 and 6?
6
What is the greatest common factor of 315 and 207?
9
What is the highest common divisor of 102 and 8262?
102
What is the greatest common factor of 11696 and 170?
34
What is the greatest common divisor of 731 and 170?
17
Calculate the greatest common divisor of 43849 and 13.
13
Calculate the greatest common divisor of 83 and 21331.
83
Calculate the greatest common factor of 3 and 24.
3
Calculate the highest common factor of 105 and 1500.
15
Calculate the highest common factor of 221 and 21879.
221
What is the highest common divisor of 56 and 896?
56
What is the highest common factor of 322 and 598?
46
What is the highest common factor of 712 and 178?
178
Calculate the greatest common divisor of 474 and 30.
6
What is the greatest common factor of 135 and 1755?
135
What is the highest common factor of 7 and 3556?
7
What is the greatest common factor of 54 and 684?
18
Calculate the highest common factor of 336 and 12992.
112
Calculate the highest common divisor of 188 and 11750.
94
Calculate the greatest common divisor of 355 and 284.
71
What is the greatest common factor of 33 and 55?
11
Calculate the highest common factor of 1140 and 836.
76
Calculate the highest common divisor of 143 and 156.
13
What is the highest common factor of 16 and 720?
16
Calculate the highest common divisor of 160 and 128.
32
Calculate the highest common factor of 37 and 1.
1
What is the greatest common factor of 4 and 20?
4
What is the highest common divisor of 486 and 6156?
162
What is the highest common divisor of 936 and 1989?
117
Calculate the highest common factor of 16 and 12.
4
Calculate the highest common factor of 96 and 11104.
32
What is the highest common factor of 396 and 2124?
36
What is the highest common factor of 4862 and 11?
11
Calculate the greatest common factor of 2704 and 13.
13
What is the highest common factor of 45 and 1935?
45
What is the highest common factor of 218 and 545?
109
Calculate the highest common divisor of 406 and 1363.
29
Calculate the greatest common factor of 1111 and 11.
11
What is the highest common factor of 885 and 150?
15
What is the greatest common divisor of 1536 and 48?
48
What is the greatest common factor of 1909 and 46?
23
What is the greatest common divisor of 9 and 86202?
9
What is the greatest common factor of 324 and 21600?
108
Calculate the greatest common factor of 1075 and 559.
43
What is the highest common divisor of 74 and 2627?
37
Calculate the greatest common factor of 32 and 9184.
32
What is the greatest common factor of 35 and 4585?
35
What is the greatest common divisor of 800 and 2560?
160
What is the highest common divisor of 23 and 35374?
23
What is the greatest common divisor of 192 and 132?
12
Calculate the highest common divisor of 913 and 22.
11
What is the greatest common factor of 3375 and 81?
27
Calculate the highest common factor of 44 and 297.
11
Calculate the greatest common divisor of 390 and 1326.
78
What is the greatest common divisor of 6622 and 616?
154
Calculate the highest common divisor of 1992 and 3237.
249
Calculate the highest common divisor of 70 and 500.
10
What is the greatest common factor of 148 and 333?
37
Calculate the highest common factor of 198 and 90.
18
What is the highest common factor of 1092 and 3612?
84
Calculate the greatest common factor of 261 and 63.
9
What is the greatest common divisor of 2412 and 20?
4
What is the greatest common factor of 176 and 224?
16
Calculate the greatest common factor of 314 and 12717.
157
Calculate the highest common factor of 3 and 112.
1
What is the greatest common divisor of 306 and 450?
18
Calculate the greatest common divisor of 279 and 99.
9
Calculate the greatest common divisor of 39 and 338.
13
What is the highest common divisor of 760 and 475?
95
What is the highest common divisor of 7 and 12516?
7
Calculate the greatest common divisor of 133 and 38.
19
Calculate the greatest common factor of 240 and 3270.
30
Calculate the greatest common divisor of 160 and 360.
40
What is the highest common divisor of 40 and 1070?
10
Calculate the highest common divisor of 7 and 91.
7
Calculate the greatest common divisor of 19 and 47063.
19
Calculate the greatest common divisor of 525 and 280.
35
What is the greatest common factor of 368 and 3956?
92
Calculate the highest common factor of 527 and 17.
17
Calculate the greatest common divisor of 8 and 136.
8
What is the greatest common factor of 32 and 5412?
4
What is the greatest common factor of 44 and 550?
22
What is the highest common factor of 783 and 29?
29
Calculate the greatest common factor of 1148 and 700.
28
Calculate the greatest common factor of 128 and 288.
32
Calculate the greatest common divisor of 54 and 648.
54
Calculate the greatest common factor of 218 and 2.
2
Calculate the greatest common factor of 288 and 504.
72
What is the greatest common divisor of 20 and 23080?
20
Calculate the highest common divisor of 44 and 17578.
22
Calculate the highest common factor of 180 and 460.
20
Calculate the highest common factor of 2849 and 231.
77
Calculate the greatest common factor of 162 and 216.
54
What is the greatest common divisor of 34741 and 196?
49
What is the highest common factor of 188 and 423?
47
What is the highest common factor of 168 and 1260?
84
Calculate the highest common factor of 3159 and 972.
243
Calculate the highest common factor of 250 and 175.
25
Calculate the greatest common divisor of 66 and 1353.
33
What is the greatest common factor of 134 and 2747?
67
What is the highest common divisor of 12 and 132?
12
What is the highest common divisor of 216 and 104?
8
What is the highest common divisor of 1032 and 2236?
172
Calculate the highest common divisor of 18 and 140958.
18
Calculate the highest common factor of 144 and 336.
48
What is the greatest common divisor of 90 and 45?
45
Calculate the highest common factor of 9 and 477.
9
What is the highest common divisor of 105 and 195?
15
What is the highest common factor of 55 and 495?
55
What is the greatest common factor of 87 and 1131?
87
Calculate the highest common factor of 574 and 70.
14
Calculate the greatest common divisor of 2 and 64.
2
Calculate the highest common divisor of 180 and 2790.
90
Calculate the greatest common divisor of 26 and 3081.
13
Calculate the highest common divisor of 400 and 64.
16
Calculate the highest common factor of 565 and 904.
113
Calculate the greatest common factor of 240 and 45.
15
Calculate the greatest common divisor of 10 and 945.
5
What is the greatest common divisor of 124 and 1519?
31
What is the highest common factor of 32 and 216?
8
What is the highest common factor of 230 and 15180?
230
Calculate the greatest common factor of 24 and 96.
24
Calculate the greatest common divisor of 248 and 62.
62
What is the greatest common divisor of 49 and 238?
7
What is the greatest common divisor of 84 and 378?
42
What is the greatest common factor of 102 and 35241?
51
Calculate the highest common divisor of 13272 and 158.
158
What is the greatest common divisor of 112 and 5488?
112
What is the greatest common divisor of 814 and 592?
74
What is the greatest common divisor of 294 and 2?
2
What is the greatest common factor of 1668 and 12?
12
Calculate the greatest common 